its digit of d?
0
Suppose -4*c = -5*c + 28. Suppose 2 = 2*j - c. Suppose j - 45 = -5*b. What is the units digit of b?
6
Let p(b) = -b - 4. Suppose -y - 4*g = y + 16, -3 = 3*g. What is the units digit of p(y)?
2
Suppose 18 = 4*v + 2. Suppose r + 20 = 5*r. Suppose 8 = 4*k + 5*p, 0*k + 10 = r*k + v*p. What is the units digit of k?
2
Let k(b) = b**2 + b + 6. What is the units digit of k(-4)?
8
Let b(t) = 11*t - 21. Let h(d) = 4*d - 7. Let p(i) = i - 8. Let w be p(5). Let u(x) = w*b(x) + 8*h(x). What is the units digit of u(-9)?
6
Let s = -350 + 605. What is the tens digit of s?
5
Let c = -84 + 292. What is the units digit of c?
8
Suppose 0*l - 48 = -l. Suppose -h + l = 3*h. What is the units digit of h?
2
Suppose -13 = -i - 2*g + 2, -3*i + 37 = 4*g. Let w(f) = f - 3. Let l be w(i). Suppose 5*m + 4*s - 1 - 19 = 0, -m + l*s = -4. What is the units digit of m?
4
Suppose 5*f + 2*c - 309 = 0, c - 186 = -2*f - f. What is the units digit of f?
3
Let d = 3 - 1. Suppose -d*y = -3*k + 1, 1 = k - 0. Let u(c) = 4*c**2 + c. What is the units digit of u(y)?
5
Let m = -3 - -4. Let z(y) = y + 1 + m + 0 + 1. What is the units digit of z(0)?
3
Suppose 0 = 6*r - 1 - 5. What is the units digit of r?
1
Let k(o) = o**2 + 1. Suppose 0 = -2*l - 4. What is the units digit of k(l)?
5
What is the hundreds digit of -2*((-1518)/12 + 0)?
2
Suppose -7*a + 250 = -2*a. What is the tens digit of a?
5
Let l(i) be the second derivative of 5*i**3/6 - i. Let z(j) = j**3 - 6*j**2 - 6*j - 5. Let g be z(7). What is the tens digit of l(g)?
1
Suppose -4*v - p + 987 = -v, -4*v = -3*p - 1329. What is the units digit of v?
0
Suppose -x = 4*n + 3*x - 664, -3*n - 2*x = -499. What is the tens digit of n?
6
Let v(b) = b**3 - b - 1. Let m(x) = -6*x**3 - x**2 + 6*x - 6. Let u(o) = -m(o) - 5*v(o). Suppose -6*j + 7*j = 0. What is the units digit of u(j)?
1
Suppose 3*g + 33 = 3*k, -4*k + 3*g - 5*g = -20. Let p(l) = -l**3 + 8*l**2 - 7*l + 4. Let o be p(k). What is the units digit of ((-10)/(-4))/(2/o)?
5
Let a(k) be the first derivative of -k**6/360 + 7*k**5/120 + k**4/24 - 2*k**3/3 - 2. Let f(p) be the third derivative of a(p). What is the units digit of f(6)?
7
Let b be (0/(-1))/((-1)/1). Suppose 9*r - 4*r - 5 = 0. Suppose l - 8 - r = b. What is the units digit of l?
9
What is the units digit of -2 - 5/(30/27)*-22?
7
What is the units digit of (2/(-6))/(1/(-96))?
2
Suppose x - 106 = -30. What is the units digit of x?
6
Let s = -1 + 12. Suppose 4*d - s - 5 = 0. Suppose -u = -5*l + 43, d = -l + 4*u - 8*u. What is the units digit of l?
8
Suppose 53 + 142 = 5*r. What is the units digit of r?
9
Let o(s) = -s**2 + 5*s - 4. Let b be o(4). Suppose -3*t + 0*a - 1 = 4*a, 14 = 2*t - a. Suppose b = t*v + 5 - 40. What is the units digit of v?
7
Let f = 5 + 12. What is the units digit of f?
7
Let u(b) = -b**3 - 7*b**2 - 6*b. Let w be u(-6). Suppose w*d = -3*d + 6. Suppose -2*q + 14 - d = 0. What is the units digit of q?
6
Suppose -h = -0*h - 90. Let r be h/(-9)*6/(-4). What is the tens digit of 9/r - (-154)/10?
1
Suppose -3*g + 3*d - 2*d + 4 = 0, 2 = -3*g - 5*d. Let w be g*2 - 2/1. Let a(p) = -p**2 + 7. What is the units digit of a(w)?
7
Suppose -17 = -5*k + 118. What is the units digit of k?
7
Let q(m) = m**3 - 7*m**2 + m + 6. What is the units digit of q(7)?
3
Suppose h + t - 5 = -0*h, 0 = 2*h + 5*t + 5. Suppose -8 = -d + h. Suppose -5*c + 7 + d = 0. What is the units digit of c?
5
Let h(x) = -x**3 - x**2 + x + 26. Let o be h(0). Suppose -28*y = -o*y - 20. What is the tens digit of y?
1
Let j be 2 + 5/((-5)/4). Let i(o) = -3*o**3 - 2*o**2 + o - 1. Let n be i(j). Suppose -3*y = -5*z + 6 + 13, -2*z + n = -3*y. What is the units digit of z?
2
Let y(h) = 14*h**2 + h + 1. Suppose 0*i + 2*r = i + 11, 4*r - 20 = 0. What is the units digit of y(i)?
4
Suppose -4 = 2*x, 3*r - 3*x = 4*r - 28. What is the tens digit of r?
3
Let t(d) = 2*d - 5 + 1 + 3. Let w be t(2). What is the units digit of -2 + (w*-6)/(-3)?
4
Let s(t) = 8*t - 9. Suppose 0 = -2*x - 4*j - 5 + 1, 0 = -5*x - 5*j + 5. What is the tens digit of s(x)?
2
What is the units digit of -1 + (1 + -4)*-3?
8
Let f(a) = -a**2 - 3*a - 7. Let y(n) = -2*n**2 - 4*n - 8. Let x(m) = 3*f(m) - 2*y(m). What is the units digit of x(4)?
7
Let j = -96 - -237. What is the units digit of j?
1
Let z(c) = 2*c**2 - 2. Let q be z(4). Suppose 5*d - q - 15 = 0. What is the units digit of d?
9
Suppose -d - 2*b + 18 = 0, 2*d - 5*b = 4*d - 41. Let k = 7 - 4. Let n = d - k. What is the units digit of n?
5
What is the units digit of (-690)/(-20)*(-2 + 6)?
8
Suppose 2*t = -2*t + 20. Suppose 7*x = -5*c + 2*x + 85, c + 5*x = t. What is the tens digit of c?
2
Let t = -4 + 4. Suppose -2*h - 3*s = -18, h = 3*h - 2*s - 28. Let u = t + h. What is the tens digit of u?
1
Suppose 5*u - 28 = -2*v, -2*u = -4*u + 8. Suppose d + 5*m = -4, -v*d = 3*m - 5 - 30. What is the tens digit of d?
1
Let s(y) = y**2 + 8*y + 6. Suppose -20 + 0 = 2*f. What is the tens digit of s(f)?
2
Let v(k) = 4*k**2 + k + 1. Let i be v(-1). Suppose -i*f + 3*q + 15 = -f, 4*f + 2*q + 10 = 0. What is the units digit of 1/1 - (f + -2)?
3
Let h(b) = 6 + b + 6 + 1 + 0. What is the units digit of h(-6)?
7
Suppose 0*u - 5*b = 3*u + 13, -5*b = 2*u + 17. Suppose -r + 8 = -4*l, l = u*r + 2*l - 15. What is the units digit of r?
4
Let s = 6 - 2. What is the units digit of (-4)/(-6) - s/(-12)?
1
What is the units digit of (-6)/15*(-5)/2?
1
Suppose -12 = -m + 37. What is the tens digit of m?
4
Suppose 0 = 4*f + 4*d - 40, -f - 4*f = 3*d - 50. What is the units digit of (-2)/3*(-135)/f?
9
Let u(k) = k - 5. Let n be u(-6). Let o(q) = -q**2 - 10*q + 12. What is the units digit of o(n)?
1
Suppose 7 = -4*f + 2*r + 21, 2*r = -5*f + 31. Let k be (-1)/(2 - (-2 + f)). What is the units digit of k*6/4*4?
6
Suppose 0 = 4*v + v + 4*q - 395, -4*v + 285 = -3*q. What is the tens digit of v?
7
Let y = 80 - 52. What is the units digit of y?
8
Suppose -x + 12 = 2*x. Suppose -j - x*j = -70. Let k = -5 + j. What is the units digit of k?
9
Suppose 0 = 3*r - 135 - 0. What is the units digit of r?
5
Suppose -2*l + 1 + 5 = 0. What is the units digit of (-3 + 16)/(l/12)?
2
Let k(v) = -v + 4. Let x(q) = -q + 10. Let t be x(7). What is the units digit of k(t)?
1
Let m(l) = 2*l**2 + 3*l - 1. Let g be m(-3). Let x = -1 + g. What is the units digit of x?
7
Let s(f) be the third derivative of f**5/20 - f**3/6 - 3*f**2. Let n be s(1). Suppose -4*r = -3*l - r + 3, -l + 2*r = n. What is the units digit of l?
4
Let d(o) = 55*o - 5. What is the tens digit of d(2)?
0
Let v(r) = -r**2 - 36*r + 6. What is the tens digit of v(-8)?
3
Let t = 28 + -41. Let c = 20 + t. What is the units digit of c?
7
Let z(h) = -15*h**2 - 2*h - 1. Let c be z(-1). Suppose 67 = -3*m - 5*j, m + 3*j + 21 = -0*j. Let v = c - m. What is the tens digit of v?
1
What is the units digit of (-104)/(-4) - 3 - -1?
4
Let u be ((-7)/(-2))/((-2)/20). What is the tens digit of 10/u - 79/(-7)?
1
What is the hundreds digit of (-1)/(-4) - (-2 + 8946/(-24))?
3
Suppose 4*z = -0*z. Let w = -1 + 53. Suppose -4*u = -z*u - w. What is the tens digit of u?
1
Let u(r) = r**3 + 2*r**2 - 3*r - 1. Let s be u(-3). What is the units digit of (s + -2)/(6/(-26))?
3
What is the hundreds digit of (-7627)/(-29) + 2*(-3 + 1)?
2
Suppose -58 = 3*p - 199. Suppose r - 6 = -4*f, 3*r = 4*f - 3*f - p. Let x = r - -20. What is the units digit of x?
6
Let k(t) = -t**3 - 6*t**2 - 5*t. Let f be k(-5). Suppose f = -2*c - 2*c + 72. What is the tens digit of -1 + 1 + 1 + c?
1
Let k = 10 - 8. Suppose -h = -3*x + 83, k*x + 2*x - 109 = h. What is the tens digit of x?
2
Let p(n) = n**3 + n**2 - 2*n + 1. Let t be p(0). Suppose 5*m = -4*j + 94, t = 3*m + 7. What is the units digit of j?
6
Let o be -5 - 0/(0 - -3). Let k be 1/o - 182/(-10). Let x = -6 + k. What is the tens digit of x?
1
Suppose -39 = t - 40. What is the units digit of t?
1
Let w be -4*(1 - 9/6). Let z be (w - 3) + 8/(-1). What is the tens digit of (3 + -1 - z) + -1?
1
Suppose 18*r - 14*r - 1516 = 0. What is the hundreds digit of r?
3
Let g = -95 - -147. What is the units digit of g?
2
Let g be (-2*1)/((-2)/(-3)). Let n = g + 10. What is the units digit of n?
7
Suppose 0 = 5*w - 3*h - 26, -3*h = 3*w - w - 2. Suppose 0 = w*b - b - 42. What is the tens digit of b?
1
Suppose 343 + 137 = 5*q - o, -q - o 